b + 2*b**2. List the prime factors of h(5).
2, 13
Let b = -9 + 14. Suppose -15 = -3*l + 4*p, 5*p - 25 = -b*l + 7*p. Suppose -2*z - 120 = -l*z. List the prime factors of z.
2, 5
Let q = -920 - -1354. List the prime factors of q.
2, 7, 31
Suppose 2*c = 5 - 1. Suppose 0 = -4*y - 5*d + 85, c*y + d - 42 = -d. Let s = y - -5. What are the prime factors of s?
5
Let l = 1318 + -478. List the prime factors of l.
2, 3, 5, 7
Let y be (-24)/(-9)*(-3)/(-2). Suppose -87 = -m + w + y*w, 2*m - 204 = 4*w. List the prime factors of m.
2, 7
Suppose 2*n = 3*j - 3947, 10 = 9*n - 7*n. What are the prime factors of j?
1319
Let b(a) = a + 11. Let g be b(-11). List the prime factors of ((g - 4) + 3)*-157.
157
Suppose -2*u = 2*u + 4*i - 164, -241 = -5*u + 4*i. Let o = u - -1. List the prime factors of o.
2, 23
Let w be 70/((2 + -1)/1). Let u(b) = -b**3 - 13*b**2 - 11*b - 22. Let j be u(-13). Let i = j - w. What are the prime factors of i?
3, 17
Let q(l) = -3*l**2 - 17*l + 10. Let i be q(-6). Suppose -4*g + 104 = 3*h - 154, 0 = -5*h + i*g + 430. What are the prime factors of h?
2, 43
What are the prime factors of (30 - 6)/8*-1 + 4444?
4441
Suppose -4*w = -10*w + 2328. Suppose 4*u - 4*i - w = -2*i, -5*u + 499 = i. List the prime factors of u.
3, 11
Suppose -6*a = -8*a. Let c be -1 + a + 0 - 1. List the prime factors of (5 + -14)*c/6.
3
Suppose 4*q + 2*r + 0*r - 10 = 0, -4*q + 19 = -r. Suppose q*l = -l. Suppose -5*z = -3*g + 64, 0*g + 4*g + 5*z - 97 = l. What are the prime factors of g?
23
Suppose 73 - 15 = 4*t + 3*i, -4*i = 8. List the prime factors of t.
2
Let q = -424 - -601. List the prime factors of q.
3, 59
Let v = 26 - 30. What are the prime factors of ((16 - 4)/v)/(-1)?
3
Suppose 0 = -67*p + 32*p + 167965. List the prime factors of p.
4799
Let h(z) = -2*z**2 - 20*z + 11. Let d be 6/((-1)/1) - 3. Let v be h(d). Let b = v - 10. List the prime factors of b.
19
Suppose 5*n - 661 - 729 = 0. Suppose 0 = -4*r + 4*o + 292, 0 = 2*r - 6*r - 3*o + n. What are the prime factors of r?
71
Suppose -40*q = -15*q - 47550. What are the prime factors of q?
2, 3, 317
Let x(a) = -18*a + 2. Let v be x(-8). Suppose 2*y + 0*y + v = 0. Let c = -45 - y. What are the prime factors of c?
2, 7
Suppose 0 = -9*l - 3*l. Suppose -4*s = l, -2*h + 6*s - 3*s = -10. List the prime factors of h.
5
Suppose -133*z + 1520 = -129*z. List the prime factors of z.
2, 5, 19
Suppose 2*h - 1 = 3. Suppose h*a = 260 + 220. What are the prime factors of a?
2, 3, 5
Let g = 372 + -530. Let a = g - -269. List the prime factors of a.
3, 37
Let a be 4 + 0 - 0 - (3 + -1). Suppose -3*p = -a*p - 59. List the prime factors of p.
59
Let m = -5706 - -9918. What are the prime factors of m?
2, 3, 13
Let v(x) = 4*x - 4*x - 2*x**2 - x**3 - 3*x + 3. Suppose 0 = 7*b + 10 + 11. What are the prime factors of v(b)?
3, 7
Suppose 20 + 12 = 4*p. Suppose 3*i + p = 38. Suppose 3*t - i = -2*t. What are the prime factors of t?
2
Let m = -3380 - -5945. List the prime factors of m.
3, 5, 19
Suppose -92 = -3*y + m, y - 3*m + 11 = 55. Let s = 33 - y. What are the prime factors of s/6 - 110/(-6)?
19
Let m = -4951 + 7243. List the prime factors of m.
2, 3, 191
Let j(n) = -6*n**3 + 0*n**3 + 4*n**3 + n**2 + 0*n**3 + n. Let d be j(-1). Suppose -4*c = 3*h - 212, -d*c - h + 164 = c. List the prime factors of c.
2, 7
Let a be (-4)/(-10) - 4/10. Suppose a*m - 84 = -m. Let r = m - 40. List the prime factors of r.
2, 11
Suppose -2*k - 4*j + 352 = 0, 7*j - 9*j - 664 = -4*k. What are the prime factors of k?
2, 3, 7
Let n(i) = -7*i**2 - 16*i + 4. Let w(z) = 29*z**2 + 64*z - 17. Let m(l) = -9*n(l) - 2*w(l). List the prime factors of m(-8).
2, 5, 19
Suppose -s + 1140 = 2*s - 3*u, u - 763 = -2*s. What are the prime factors of s?
3, 127
Let y be (-20)/6*18/(-12). Suppose -d + 127 = -y*s, -316 = -3*d - 0*s + 2*s. What are the prime factors of d?
2, 3, 17
Suppose 0 = -4*r - 2*d - 0*d + 2522, -3*r = d - 1892. List the prime factors of r.
631
What are the prime factors of -2*(11 + -8 - (-349)/(-2))?
7
Let k = 12 - 7. Suppose 4*p - k*q - 233 = 0, 3*p + 3 - 177 = 4*q. List the prime factors of p.
2, 31
Let r be ((-168)/(-36) + -3)*(-6)/(-5). Let c(a) = a + 1. Let g be c(-5). What are the prime factors of r/(-3)*126/g?
3, 7
Let p be 25 + 1*0/(-2). Suppose -5*s - 5*d - 21 = -4*s, -5*d - p = 0. Suppose -s*a + 0*a = -3*g + 61, -3*g + 66 = -3*a. What are the prime factors of g?
3
Suppose 4*n = -0*n - 20. Let w be (-15)/n*8/6. Suppose 5*v = 4*o - 41, 0 = -w*o - 2*v - 0 + 6. What are the prime factors of o?
2
Let n be 1*(-2)/(-2)*-41. Let k = n + 71. Suppose 2*q - 16 = k. What are the prime factors of q?
23
List the prime factors of ((-132)/55)/((-6)/1420).
2, 71
Let w be (4/(-3) - -1)*57. Let r(c) = c - 6. Let g be r(7). Let d = g - w. List the prime factors of d.
2, 5
Let p(h) be the first derivative of h**2 - 2*h - 1. Let d be p(-7). List the prime factors of (-45)/(-2) - 8/d.
23
Let o = 10 + -5. Suppose o*j = 468 - 83. Suppose 7*q - j = 168. List the prime factors of q.
5, 7
Let q(c) = c**3 - 3*c**2 - 4*c - 6. Suppose 2*z - 12 + 0 = 0. Let l be q(z). What are the prime factors of 1*(l/3 + -1)?
5
Suppose 0 = -g + 8 - 2. Let y be (7/5)/7 + 1/(-5). Let k = g + y. What are the prime factors of k?
2, 3
Let m(j) = 15*j**2 - 4*j - 3. Let b be m(-1). Suppose b*h = 19*h - 306. List the prime factors of h.
2, 3, 17
Suppose 2*u + 8 = 0, 0*v - u = 2*v - 758. What are the prime factors of -1*v/6*-2?
127
Let s(x) = 4*x**2 + 0*x**2 + 8*x - 7*x - 1. Let f = -3 + 5. What are the prime factors of s(f)?
17
Let v be (-10)/45 + 76/18. Let k(m) = 3*m**2 + 7*m - 5. List the prime factors of k(v).
71
Suppose -1141 - 1145 = -6*k. List the prime factors of k.
3, 127
Suppose 30217 = 66*n + n. List the prime factors of n.
11, 41
Suppose 24*r - 170 = -26. What are the prime factors of r?
2, 3
Let o be 0/((8/4)/(-2)). Suppose -s + 36 + 24 = o. Suppose -y = 3*y + z - s, 5*y + 5*z = 75. List the prime factors of y.
3, 5
Let p(b) = b**3 - 5*b**2 + 4*b + 5. Let r be p(4). Suppose 0 = -4*u + 4*j + 4, 0 = -4*j - r + 13. Suppose -a + 108 = u*a. What are the prime factors of a?
3
Let c = 70 - 10. Suppose -55*p - 1565 = -c*p. What are the prime factors of p?
313
Let q = 90 - 70. Suppose q = 4*f, -73 = 4*k + 5*f - 630. What are the prime factors of k?
7, 19
Let k(c) = 34*c**2 - 19*c + 5. List the prime factors of k(-4).
5
What are the prime factors of -2*(-1899)/6 + 9?
2, 3, 107
Let z = -54 - -160. What are the prime factors of z?
2, 53
Suppose l - 4 = -2. Let i(s) = -6 + 16 + 4*s + l*s. What are the prime factors of i(6)?
2, 23
Let r = 305 + -476. Let x = 249 + r. List the prime factors of x.
2, 3, 13
List the prime factors of (-16)/(-40) - (0 - 4096/10).
2, 5, 41
List the prime factors of (20/25)/((-12)/(-90)) - -3893.
7, 557
List the prime factors of 2084 + 2/(7 - 37/5).
3, 7, 11
Suppose m + 8 = 5*z, -1 = -m - 5*z + 1. Let x = m - -1. List the prime factors of (-144)/(-30) + x/(-10).
5
What are the prime factors of (-8)/6 + (-203)/3*-20?
2, 13
Let d = -36 - -127. Let j be d + 9*4/12. Suppose 0 = -5*b - 10, -b - 55 = -3*n + j. What are the prime factors of n?
7
Let z be 2*4/(-8)*1. What are the prime factors of ((-111)/(-2))/(z/(-2))?
3, 37
Let y = 65 - 20. Suppose 0 = 3*r - 0*r - y. Let d(b) = 4*b - 6. What are the prime factors of d(r)?
2, 3
Suppose -b = -u - 1 - 0, -3*b = u - 7. What are the prime factors of u + (0 - -1) + 2292/12?
193
Let c = -171 - -255. Let i = c - 15. What are the prime factors of i?
3, 23
Let t be (15 + 4)/((0 - 1)/(-1)). List the prime factors of 11*t/2 - 2/4.
2, 13
Let y be (-5124)/(-15) - (-6)/15. Suppose 5*p = y + 108. List the prime factors of p.
2, 3, 5
Suppose -5*d + 1010 = n, 619 = 3*d - 3*n + n. List the prime factors of d.
7, 29
Suppose 27*m - 24624 = -0*m. List the prime factors of m.
2, 3, 19
Let x = 34 - 29. Let k be (-1 - x)/((-3)/(-12)). What are the prime factors of k/36 - 436/(-6)?
2, 3
Let c(i) = 2*i - 4. Let p be c(2). List the prime factors of (p + -2)/10 - (-1908)/15.
127
Suppose 5*p - 7*p = -5*c + 6620, 4*c + 4*p - 5268 = 0. What are the prime factors of c?
2, 661
Let y(l) = 89*l + 5. Let k be y(2). Suppose -3*r - 5*h + k = 0, 2*r - 71 - 46 = -5*h. What are the prime factors of r?
2, 3, 11
Let q(t) = t**3 + 9*t**2 + 8*t - 1. Let a be q(-8). Let s be (-4)/(-